{"id":10688,"date":"2023-03-10T00:53:05","date_gmt":"2023-03-10T00:53:05","guid":{"rendered":"https:\/\/www.saotechnology.com\/web\/?page_id=10688"},"modified":"2023-03-27T12:44:45","modified_gmt":"2023-03-27T12:44:45","slug":"administracion-delegada","status":"publish","type":"page","link":"https:\/\/www.saotechnology.com\/web\/administracion-delegada\/","title":{"rendered":"Administraci\u00f3n Delegada"},"content":{"rendered":"<p>[vc_row css=&#8221;.vc_custom_1679921017701{margin-top: 20px !important;margin-bottom: 0px !important;padding-top: 0px !important;padding-bottom: 25px !important;background-position: 0 0 !important;background-repeat: no-repeat !important;}&#8221;][vc_column css=&#8221;.vc_custom_1637552516588{margin-top: -40px !important;}&#8221;][vc_row_inner css=&#8221;.vc_custom_1679921080203{margin-top: 10px !important;}&#8221;][vc_column_inner width=&#8221;1\/2&#8243; css=&#8221;.vc_custom_1637589180112{margin-bottom: -30px !important;margin-left: 20px !important;}&#8221;][vc_single_image image=&#8221;10890&#8243; img_size=&#8221;full&#8221; alignment=&#8221;center&#8221; style=&#8221;vc_box_rounded&#8221; el_class=&#8221;full-width-image&#8221;][\/vc_column_inner][vc_column_inner width=&#8221;1\/2&#8243; css=&#8221;.vc_custom_1637589192778{margin-bottom: -30px !important;margin-left: 20px !important;}&#8221;][vc_column_text]&nbsp;<\/p>\n<p style=\"text-align: justify;\">Este portafolio permite la generaci\u00f3n de las actas de obra que sirven como soporte de las facturas de venta que emite la empresa cuando \u00e9sta lleva a cabo la administraci\u00f3n delegada de una obra determinada. Esta informaci\u00f3n de las actas de obra tiene su origen en los egresos registrados en el sistema ya sea porque estos pagos fueron realizados en cheque o a trav\u00e9s de transferencia electr\u00f3nica.<\/p>\n<p>&nbsp;<\/p>\n<p>En el ERP <strong>SAOINova<\/strong>, cada obra esta codificada a trav\u00e9s de un centro de costo. En la contabilidad todo movimiento puede llevarse al centro que lo haya originado, de tal manera que al momento de registrar una factura de proveedor, en el asiento contable se podr\u00e1 establecer para cual obra se llevar\u00e1 contablemente esta factura. A partir de esta informaci\u00f3n, en la tesorer\u00eda tambi\u00e9n se podr\u00e1 tener el control de las obras para las cuales se est\u00e1n generando los pagos de las cuentas por pagar.[\/vc_column_text][\/vc_column_inner][\/vc_row_inner][\/vc_column][\/vc_row][vc_row][vc_column][vc_empty_space height=&#8221;52px&#8221;][\/vc_column][\/vc_row]<\/p>\n","protected":false},"excerpt":{"rendered":"<p>[vc_row css=&#8221;.vc_custom_1679921017701{margin-top: 20px !important;margin-bottom: 0px !important;padding-top: 0px !important;padding-bottom: 25px !important;background-position: 0 0 !important;background-repeat: no-repeat !important;}&#8221;][vc_column css=&#8221;.vc_custom_1637552516588{margin-top: -40px !important;}&#8221;][vc_row_inner css=&#8221;.vc_custom_1679921080203{margin-top: 10px !important;}&#8221;][vc_column_inner width=&#8221;1\/2&#8243; css=&#8221;.vc_custom_1637589180112{margin-bottom: -30px !important;margin-left: 20px !important;}&#8221;][vc_single_image image=&#8221;10890&#8243; img_size=&#8221;full&#8221; alignment=&#8221;center&#8221; style=&#8221;vc_box_rounded&#8221; el_class=&#8221;full-width-image&#8221;][\/vc_column_inner][vc_column_inner width=&#8221;1\/2&#8243; css=&#8221;.vc_custom_1637589192778{margin-bottom: -30px !important;margin-left: 20px !important;}&#8221;][vc_column_text]&nbsp; Este portafolio permite la generaci\u00f3n de las actas de obra que sirven como soporte de las facturas [&hellip;]<\/p>\n","protected":false},"author":2,"featured_media":0,"parent":0,"menu_order":0,"comment_status":"closed","ping_status":"closed","template":"","meta":{"footnotes":""},"_links":{"self":[{"href":"https:\/\/www.saotechnology.com\/web\/wp-json\/wp\/v2\/pages\/10688"}],"collection":[{"href":"https:\/\/www.saotechnology.com\/web\/wp-json\/wp\/v2\/pages"}],"about":[{"href":"https:\/\/www.saotechnology.com\/web\/wp-json\/wp\/v2\/types\/page"}],"author":[{"embeddable":true,"href":"https:\/\/www.saotechnology.com\/web\/wp-json\/wp\/v2\/users\/2"}],"replies":[{"embeddable":true,"href":"https:\/\/www.saotechnology.com\/web\/wp-json\/wp\/v2\/comments?post=10688"}],"version-history":[{"count":21,"href":"https:\/\/www.saotechnology.com\/web\/wp-json\/wp\/v2\/pages\/10688\/revisions"}],"predecessor-version":[{"id":10895,"href":"https:\/\/www.saotechnology.com\/web\/wp-json\/wp\/v2\/pages\/10688\/revisions\/10895"}],"wp:attachment":[{"href":"https:\/\/www.saotechnology.com\/web\/wp-json\/wp\/v2\/media?parent=10688"}],"curies":[{"name":"wp","href":"https:\/\/api.w.org\/{rel}","templated":true}]}}