{"id":10777,"date":"2023-03-16T21:19:42","date_gmt":"2023-03-16T21:19:42","guid":{"rendered":"https:\/\/www.saotechnology.com\/web\/?page_id=10777"},"modified":"2023-03-24T16:03:49","modified_gmt":"2023-03-24T16:03:49","slug":"elaboracion-de-presupuestos-de-obra","status":"publish","type":"page","link":"https:\/\/www.saotechnology.com\/web\/elaboracion-de-presupuestos-de-obra\/","title":{"rendered":"Elaboraci\u00f3n de Presupuestos de Obra."},"content":{"rendered":"<p>[vc_row full_width=&#8221;stretch_row&#8221; css=&#8221;.vc_custom_1644287019190{margin-top: 60px !important;margin-bottom: 0px !important;padding-top: 0px !important;padding-bottom: 80px !important;background-color: #ffffff !important;}&#8221;][vc_column css=&#8221;.vc_custom_1519362639897{margin-top: 0px !important;padding-top: 0px !important;}&#8221;][vc_custom_heading text=&#8221;Elaboraci\u00f3n de Presupuestos de Obra.&#8221; font_container=&#8221;tag:h4|font_size:36px|text_align:center|line_height:26px&#8221; use_theme_fonts=&#8221;yes&#8221;][vc_single_image image=&#8221;9650&#8243; img_size=&#8221;full&#8221; alignment=&#8221;center&#8221; css=&#8221;.vc_custom_1560053838196{margin-top: 28px !important;margin-bottom: 0px !important;padding-top: 0px !important;padding-bottom: 0px !important;}&#8221;][vc_row_inner css=&#8221;.vc_custom_1679673584475{margin-top: 10px !important;margin-bottom: 0px !important;padding-top: 0px !important;padding-bottom: 0px !important;background-color: #f4f4f4 !important;}&#8221;][vc_column_inner width=&#8221;1\/3&#8243;][vc_single_image][vc_column_text css=&#8221;.vc_custom_1679673721143{margin-top: 35px !important;margin-bottom: 0px !important;padding-top: 0px !important;padding-bottom: 0px !important;}&#8221;]<\/p>\n<h3><span style=\"color: #99cc00;\">Requerimientos.<\/span><\/h3>\n<p>&nbsp;<\/p>\n<p>Para la elaboraci\u00f3n del Presupuesto requerimos de los siguientes planos:<\/p>\n<ul>\n<li>\u2714 Planos arquitect\u00f3nicos<\/li>\n<li>\u2714 Planos topogr\u00e1ficos<\/li>\n<li>\u2714 Planos Estructurales<\/li>\n<li>\u2714 Planos El\u00e9ctricos<\/li>\n<li>\u2714 Planos Hidrosanitarios<\/li>\n<li>\u2714 Planos de Gas<\/li>\n<li>\u2714 Planos red de aire acondicionado<\/li>\n<li>\u2714 Planos de red contra incendio<\/li>\n<li>\u2714 Planos de redes inteligentes y seguridad interior<\/li>\n<li>\u2714 Planos Dise\u00f1os Especiales<\/li>\n<li>\u2714 Especificaciones de construcci\u00f3n<\/li>\n<li>\u2714 Estudio de suelos<\/li>\n<li>\u2714 Estudio de impacto o\u00a0 Plan de Manejo Ambiental<\/li>\n<\/ul>\n<p>[\/vc_column_text][\/vc_column_inner][vc_column_inner width=&#8221;1\/3&#8243;][vc_single_image][vc_column_text]<\/p>\n<h3><span style=\"color: #99cc00;\">Reuniones<\/span><\/h3>\n<p>&nbsp;<\/p>\n<p>Definici\u00f3n de Reuniones con el grupo profesional para precisar los alcances de los dise\u00f1os y as\u00ed involucrar a los diferentes profesionales en el proyecto<\/p>\n<p>&nbsp;[\/vc_column_text][\/vc_column_inner][vc_column_inner width=&#8221;1\/3&#8243;][vc_single_image][vc_column_text]<\/p>\n<h3><span style=\"color: #99cc00;\">Entregables<\/span><\/h3>\n<p>&nbsp;<\/p>\n<ul>\n<li>\u2714 C\u00e1lculo y memorias de cantidades de obra.<\/li>\n<li>\u2714 Presupuestos orientados al proceso de control.<\/li>\n<li>\u2714 Elaboraci\u00f3n de precios unitarios de las diferentes actividades acordes con los planos y las especificaciones generales del proyecto.<\/li>\n<li>\u2714 Presupuesto general por cap\u00edtulos.<\/li>\n<li>\u2714 Presupuesto general pos subcap\u00edtulos.<\/li>\n<li>\u2714 Presupuesto general por actividades<\/li>\n<li>\u2714 Listado general de an\u00e1lisis de precios unitarios<\/li>\n<li>\u2714 Listado general de insumos por cap\u00edtulos<\/li>\n<li>\u2714 Listado general de insumos por subcap\u00edtulo.<\/li>\n<li>\u2714 Listado general de insumos totales del proyecto.<\/li>\n<li>\u2714 Archivos en formato EXCEL<\/li>\n<\/ul>\n<p>[\/vc_column_text][\/vc_column_inner][\/vc_row_inner][\/vc_column][\/vc_row]<\/p>\n","protected":false},"excerpt":{"rendered":"<p>[vc_row full_width=&#8221;stretch_row&#8221; css=&#8221;.vc_custom_1644287019190{margin-top: 60px !important;margin-bottom: 0px !important;padding-top: 0px !important;padding-bottom: 80px !important;background-color: #ffffff !important;}&#8221;][vc_column css=&#8221;.vc_custom_1519362639897{margin-top: 0px !important;padding-top: 0px !important;}&#8221;][vc_custom_heading text=&#8221;Elaboraci\u00f3n de Presupuestos de Obra.&#8221; font_container=&#8221;tag:h4|font_size:36px|text_align:center|line_height:26px&#8221; use_theme_fonts=&#8221;yes&#8221;][vc_single_image image=&#8221;9650&#8243; img_size=&#8221;full&#8221; alignment=&#8221;center&#8221; css=&#8221;.vc_custom_1560053838196{margin-top: 28px !important;margin-bottom: 0px !important;padding-top: 0px !important;padding-bottom: 0px !important;}&#8221;][vc_row_inner css=&#8221;.vc_custom_1679673584475{margin-top: 10px !important;margin-bottom: 0px !important;padding-top: 0px !important;padding-bottom: 0px !important;background-color: #f4f4f4 !important;}&#8221;][vc_column_inner width=&#8221;1\/3&#8243;][vc_single_image][vc_column_text css=&#8221;.vc_custom_1679673721143{margin-top: 35px !important;margin-bottom: 0px !important;padding-top: 0px [&hellip;]<\/p>\n","protected":false},"author":2,"featured_media":0,"parent":0,"menu_order":0,"comment_status":"closed","ping_status":"closed","template":"","meta":{"footnotes":""},"_links":{"self":[{"href":"https:\/\/www.saotechnology.com\/web\/wp-json\/wp\/v2\/pages\/10777"}],"collection":[{"href":"https:\/\/www.saotechnology.com\/web\/wp-json\/wp\/v2\/pages"}],"about":[{"href":"https:\/\/www.saotechnology.com\/web\/wp-json\/wp\/v2\/types\/page"}],"author":[{"embeddable":true,"href":"https:\/\/www.saotechnology.com\/web\/wp-json\/wp\/v2\/users\/2"}],"replies":[{"embeddable":true,"href":"https:\/\/www.saotechnology.com\/web\/wp-json\/wp\/v2\/comments?post=10777"}],"version-history":[{"count":9,"href":"https:\/\/www.saotechnology.com\/web\/wp-json\/wp\/v2\/pages\/10777\/revisions"}],"predecessor-version":[{"id":10821,"href":"https:\/\/www.saotechnology.com\/web\/wp-json\/wp\/v2\/pages\/10777\/revisions\/10821"}],"wp:attachment":[{"href":"https:\/\/www.saotechnology.com\/web\/wp-json\/wp\/v2\/media?parent=10777"}],"curies":[{"name":"wp","href":"https:\/\/api.w.org\/{rel}","templated":true}]}}